the millions digit of 2772744252?
2
What is the tens digit of 52266818?
1
What is the ten thousands digit of 46707334?
0
What is the units digit of 3324272652?
2
What is the millions digit of 2247994280?
7
What is the ten thousands digit of 1977204917?
0
What is the units digit of 45565830?
0
What is the millions digit of 324131845?
4
What is the thousands digit of 4928706370?
6
What is the hundred thousands digit of 861044853?
0
What is the ten thousands digit of 63714373?
1
What is the hundreds digit of 42594266?
2
What is the ten millions digit of 161750291?
6
What is the hundreds digit of 15577830?
8
What is the ten thousands digit of 649065428?
6
What is the ten thousands digit of 471274277?
7
What is the hundred thousands digit of 187182223?
1
What is the tens digit of 2075227044?
4
What is the thousands digit of 6480717249?
7
What is the ten millions digit of 40362506?
4
What is the ten thousands digit of 318862777?
6
What is the thousands digit of 40558212?
8
What is the ten thousands digit of 376006121?
0
What is the ten thousands digit of 107507091?
0
What is the ten millions digit of 36879491?
3
What is the thousands digit of 623458677?
8
What is the units digit of 564485201?
1
What is the hundred thousands digit of 859958543?
9
What is the ten millions digit of 664995324?
6
What is the ten millions digit of 184181324?
8
What is the tens digit of 55144693?
9
What is the hundreds digit of 1255457956?
9
What is the ten millions digit of 165668928?
6
What is the thousands digit of 194260408?
0
What is the units digit of 113887265?
5
What is the ten thousands digit of 884024520?
2
What is the millions digit of 142791293?
2
What is the ten thousands digit of 520274023?
7
What is the thousands digit of 283096791?
6
What is the ten thousands digit of 21287608?
8
What is the units digit of 33324699?
9
What is the units digit of 8778724194?
4
What is the tens digit of 257475534?
3
What is the millions digit of 45065453?
5
What is the hundreds digit of 241862699?
6
What is the ten millions digit of 912992164?
1
What is the ten thousands digit of 1505571395?
7
What is the ten millions digit of 987936596?
8
What is the tens digit of 20071892?
9
What is the ten thousands digit of 75451031?
5
What is the ten millions digit of 263894302?
6
What is the tens digit of 223531947?
4
What is the hundred thousands digit of 342280182?
2
What is the ten thousands digit of 54235485?
3
What is the hundreds digit of 2852362796?
7
What is the hundred thousands digit of 1290934091?
9
What is the ten millions digit of 256569386?
5
What is the units digit of 24213529?
9
What is the millions digit of 768854508?
8
What is the billions digit of 2519330368?
2
What is the units digit of 808288423?
3
What is the thousands digit of 784516058?
6
What is the hundred thousands digit of 97281231?
2
What is the thousands digit of 43759174?
9
What is the billions digit of 1126711687?
1
What is the hundreds digit of 946555554?
5
What is the thousands digit of 60173411?
3
What is the hundreds digit of 4074206507?
5
What is the thousands digit of 194605845?
5
What is the thousands digit of 239014058?
4
What is the ten thousands digit of 87236312?
3
What is the hundred thousands digit of 3885543700?
5
What is the ten thousands digit of 40074464?
7
What is the ten millions digit of 3928058924?
2
What is the millions digit of 3409866046?
9
What is the units digit of 110336665?
5
What is the ten thousands digit of 858832445?
3
What is the hundreds digit of 65705896?
8
What is the ten thousands digit of 308541886?
4
What is the hundred millions digit of 126672858?
1
What is the units digit of 98112705?
5
What is the millions digit of 259854881?
9
What is the tens digit of 189784866?
6
What is the hundreds digit of 63967544?
5
What is the thousands digit of 3167602480?
2
What is the millions digit of 39363731?
9
What is the hundred millions digit of 542287915?
5
What is the hundred thousands digit of 191498383?
4
What is the tens digit of 578875576?
7
What is the tens digit of 3455914850?
5
What is the hundred millions digit of 1172501024?
1
What is the hundred thousands digit of 35623204?
6
What is the ten millions digit of 854490199?
5
What is the hundred thousands digit of 3182367448?
3
What is the hundred thousands digit of 419341270?
3
What is the ten thousands digit of 298789047?
8
What is the tens digit of 214499766?
6
What is the units digit of 2249243978?
8
What is the tens digit of 28905130?
3
What is the millions digit of 199006453?
9
What is the hundred thousands digit of 338989613?
9
What is the units digit of 693376321?
1
What is the ten thousands digit of 376633851?
3
What is the hundreds digit of 968092706?
7
What is the hundred millions digit of 7258367744?
2
What is the millions digit of 346647709?
6
What is the millions digit of 49749125?
9
What is the tens digit of 132527463?
6
What is the thousands digit of 5760582141?
2
What is the thousands digit of 72835799?
5
What is the ten thousands digit of 1888981378?
8
What is the ten thousands digit of 247322162?
2
What is the millions digit of 2874791543?
4
What is the hundred millions digit of 2495031695?
4
What is the ten thousands digit of 12914857?
1
What is the hundreds digit of 253665940?
9
What is the ten millions digit of 106875119?
0
What is the units digit of 29611129?
9
What is the thousands digit of 50475995?
5
What is the millions digit of 41770589?
1
What is the millions digit of 306736296?
6
What is the units digit of 179438294?
4
What is the thousands digit of 746096270?
6
What is the ten thousands digit of 107798614?
9
What is the tens digit of 338205168?
6
What is the hundred millions digit of 1941908524?
9
What is the hundred millions digit of 142104191?
1
What is the units digit of 24961597?
7
What is the tens digit of 542777526?
2
What is the millions digit of 117058671?
7
What is the ten millions digit of 25389465?
2
What is the millions digit of 106587332?
6
What is the ten thousands digit of 13156394?
5
What is the hundreds digit of 183358250?
2
What is the hundreds digit of 1978139829?
8
What is the hundred thousands digit of 46953973?
9
What is the hundreds digit of 142964137?
1
What is the millions digit of 43090214?
3
What is the millions digit of 2868762544?
8
What is the ten thousands digit of 674050449?
5
What is the thousands digit of 49624200?
4
What is the hundreds digit of 114635651?
6
What is the ten thousands digit of 56136072?
3
What is the ten millions digit of 50522394?
5
What is the units digit of 32877982?
2
What is the ten millions digit of 1596295221?
9
What is the thousands digit of 5134896128?
6
What is the hundred millions digit of 1480975604?
4
What is the hundreds digit of 3557270927?
9
What is the ten thousands digit of 1200512467?
1
What is the ten millions digit of 839463368?
3
What is the millions digit of 100469364?
0
What is the units digit of 159528758?
8
What is the billions digit of 7488385092?
7
What is the ten millions digit of 34973223?
3
What is the thousands digit of 171810123?
0
What is the hundred thousands digit of 2346433560?
4
What is the ten thousands digit of 5891636256?
3
What is the ten thousands digit of 82749739?
4
What is the tens digit of 926172430?
3
What is the millions digit of 1655096544?
5
What is the ten millions digit of 960514507?
6
What is the units digit of 41444051?
1
What is the thousands digit of 1079599891?
9
What is the units digit of 910632321?
1
What is the tens digit of 2002996401?
0
What is the tens digit of 3665361938?
3
What is the units digit of 1166681767?
7
What is the ten millions digit of 49906118?
4
What is the ten millions digit of 863822391?
6
What is the ten millions digit of 2079609862?
7
What is the tens digit of 5302819032?
3
What is the hundreds digit of 420544925?
9
What is the hundred thousands digit of 623180653?
1
What is the ten millions digit of 571908602?
7
What is the millions digit of 196917154?
6
What is the tens digit of 1782145675?
7
What is the ten millions digit of 93572447?
9
What is the hundreds digit of 95493666?
6
What is the ten millions digit of 2192102194?
9
What is the millions digit of 2173333594?
3
What is the millions digit of 312207977?
2
What is the ten millions digit of 54615687?